 = 2*g + 55. Let z be y(-16). Suppose 442 + 823 = z*n. What is the highest common divisor of 5 and n?
5
Let u(a) = 1280*a - 422 - 608*a - 586*a. Let g be u(8). Calculate the highest common divisor of g and 190.
38
Let w = -6660 - -7000. Calculate the greatest common factor of w and 25.
5
Let d(j) = 6*j - 28. Let h(t) = t**3 + 10*t**2 - 2*t - 8. Let l be h(-10). Let f be d(l). Calculate the greatest common factor of 44 and f.
44
Suppose 161 = -3*y + 4*z + 715, -2*z - 180 = -y. Calculate the greatest common divisor of y and 4365.
97
Let t = 10 - 9. Suppose 34*n = 184 + 326. Let l be (13/(-3))/((-5)/n). Calculate the highest common factor of t and l.
1
Suppose -3*o = -7*o + 140. Suppose -31*m + 39*m = 384. Suppose 0 = 24*d - m*d + 6720. What is the highest common factor of d and o?
35
Suppose 3*y - 3 - 179 = 76. Calculate the highest common divisor of y and 1763.
43
Let u be 1*3/7 - 3/7. Suppose u = -9*q + 32 - 5. Let m be (-10)/q*(-3 - 252/8). What is the highest common divisor of 46 and m?
23
Let y = 8988 + -8205. What is the greatest common factor of y and 696?
87
Suppose -167*z = -162*z - 330. Calculate the greatest common factor of 2739 and z.
33
Let h = 19407 - 10195. What is the highest common factor of 196 and h?
196
Suppose -4*z + 5*q + 6115 = 0, -24*z + 7601 = -19*z + 8*q. Calculate the greatest common factor of z and 1220.
305
Let p = -235 + 213. Let t = p - -33. What is the greatest common divisor of 121 and t?
11
Suppose 17*g - 548 - 47 = 0. Suppose 5*a - 64 = 4*z + g, -2*z = 4*a - 74. Calculate the greatest common divisor of 133 and a.
19
Suppose 4*u - 105 = -5*s, -6*s + 15 = u - s. Let w be 1 + 4 + (-2)/(u/(-1095)). Calculate the greatest common factor of w and 858.
78
Suppose 67*v - 34271 = 22746. Calculate the greatest common factor of v and 92.
23
Suppose 0 = 4*g + 2*q - 40918, -q = -2*g + 5722 + 14727. What is the greatest common factor of g and 21?
21
Suppose 62001 + 23214 = 741*r. Let l(j) = 11*j - 8. Let w be l(7). What is the highest common factor of w and r?
23
Suppose 35*l - 850 = 10*l. Let n(s) = 18*s**2 + 2*s + 1. Let q be n(-1). What is the greatest common factor of q and l?
17
Suppose 4*o = -0*m + m - 23, -1 = -2*m - o. Suppose 24*j = 28*j - 12. Suppose j - 21 = -3*f. What is the highest common factor of m and f?
3
Let f(k) = 7*k**2 + 3828. Let t be f(0). What is the highest common divisor of t and 132?
132
Let u = 11222 - 9878. Calculate the highest common factor of 294 and u.
42
Let y = 6 - 1. Let m = -189 - -194. Suppose 0*s + 281 = 5*s - 3*h, -5*s + 285 = -m*h. Calculate the highest common divisor of s and y.
5
Suppose -3*s = -2*g + 16, 0*g = -s + 5*g - 27. Let b be (2/s)/(25/(-375)). What is the greatest common divisor of b and 285?
15
Let w be ((-5)/2)/((-4)/8). Let j(f) = 9*f**2 + 3 - 10*f**2 - w*f + 1 - 3. Let o be j(-2). Calculate the greatest common factor of 1 and o.
1
Suppose -15 = -5*b - 5*w, 3*w - 6*w - 19 = -4*b. Suppose p + 6 = -5*m, 10 = 3*p - 141*m + 142*m. What is the greatest common divisor of p and b?
4
Let n = 116 + -276. Let m = n - -275. Let l = 70 + -24. Calculate the greatest common divisor of l and m.
23
Let g be 122 + 215/43*12/(-10) - -4. What is the highest common factor of g and 960?
120
Suppose -3*v = -3*s - 2*s + 1096, 3*s - 3*v = 654. Let b = s - -39. Calculate the highest common divisor of b and 39.
13
Suppose -2*f + 270 = 2*g, -3*f - 375 = -0*g - 3*g. Let a be 208/(-24)*15/(-10). What is the greatest common factor of g and a?
13
Let a = -6734 - -8558. What is the greatest common factor of a and 57?
57
Let p = -116 + 155. Suppose -p = -5*c + 31. What is the highest common factor of 7 and c?
7
Suppose 6*t - 2137 = -5*r + 4*t, 4*t = -2*r + 858. Let i = r + -387. What is the greatest common divisor of i and 16?
8
Let q(d) = 38 - 3 - 20*d - d + 42 - d + d**2. Let z be q(18). Let k = 5 - -10. Calculate the highest common factor of k and z.
5
Let b be (-35)/(-3)*(11 + -8). Suppose 32*o = b*o - 15. Suppose -3*k + 24 = 3*n, -10 = 2*k - 4*k - 5*n. Calculate the highest common factor of o and k.
5
Suppose 0 = 5*b - 237 + 42. Let q be 1566/b + (-22)/143. Calculate the highest common factor of q and 10.
10
Let z be (0 - (-2 - 25/(-2)))*1*-2. Let q(r) = r**2 - 11*r. Let d be q(8). Let c be (14/4)/((-4)/d). What is the greatest common factor of c and z?
21
Let b(y) = 17*y + 125. Let x be b(11). Let u(a) = a**3 - 3*a**2 + 3*a - 4. Let j be u(4). What is the greatest common factor of j and x?
24
Let t(a) = -2*a**2 - 2*a. Let s(h) = 9*h**2 + 13*h - 1. Let i(x) = s(x) + 3*t(x). Let n be i(-3). What is the greatest common factor of n and 5?
5
Suppose 0*u + 72 = 4*u. Suppose -u = -8*d + 54. Let i = 36 + -18. Calculate the greatest common divisor of d and i.
9
Let d(w) = 72*w - 2. Let s = 16 + -15. Let b be d(s). Suppose 0 = -5*k + v + 75, -3*k - 53 = -5*v - 120. Calculate the highest common divisor of b and k.
14
Suppose -2*i + 6 = 4*i. Let w be 3 - (-1 - 11/i). Let x = 0 + w. What is the highest common divisor of 45 and x?
15
Let o(w) = 134*w**3 + 5*w**2 - 20*w + 28. Let b be o(2). Calculate the greatest common factor of 3672 and b.
216
Let b(z) = 2*z - 20. Let m be b(20). Let y = m + 2. Let p(h) = -h**3 - 2*h**2 + 10*h + 1. Let u be p(-7). Calculate the highest common divisor of u and y.
22
Suppose 306 = -16*r - 64*r + 546. What is the highest common divisor of r and 1527?
3
Suppose 4*l = r - 32, 4*l - 3*l = 3*r - 41. Let y be 0*(r/42 + 11/(-14)). Suppose y = 13*h - 14*h + 21. Calculate the greatest common factor of 84 and h.
21
Let a(r) = 33*r + 2. Let p be a(1). Suppose -2*c - 2800 = -7*c. What is the highest common factor of p and c?
35
Let s = -65 + 9. Let g = s + 92. Suppose 6 = t - 2*p, 4*t - 4*p = g - 12. Calculate the highest common factor of t and 9.
3
Suppose 66*s - 5*j = 69*s + 19, 11 = -2*s - 3*j. Let f be (10 - (-5 - -2)) + 2. What is the greatest common factor of s and f?
1
Suppose 14*v = -6*v + 1500. Let n = 45 + v. What is the highest common divisor of 30 and n?
30
Let k(y) = -y**2 - 14*y + 749. Let f be k(-35). Calculate the highest common factor of f and 1792.
14
Suppose -51*d - 6229 = -43357. What is the greatest common factor of 56 and d?
56
Let n be -9*4*(-2)/(-8). Let d = 65 - n. What is the greatest common divisor of 185 and d?
37
Let r be 12/15 + (-42)/(-10). Let b(p) = -p**2 + 6*p + 24. Let i be b(r). What is the highest common factor of 29 and i?
29
Suppose 275 - 44 = 7*t. Suppose -2*s = -5*d - 77, 3*s - 25 = -4*d + t. Calculate the highest common factor of s and 390.
26
Suppose 0 = 6*m - 5*m + 3, a - 393 = -4*m. What is the greatest common factor of a and 5?
5
Let t(v) = v**3 - 19*v**2 + 25*v + 159. Let y be t(17). Calculate the highest common divisor of y and 402.
6
Let h be 2/(-3)*-55*48/40. Let w = 776 + -468. What is the highest common factor of h and w?
44
Suppose 18*u + 6*u + 47*u - 2*u - 1449 = 0. Suppose -3*l = -4*r + 123, -3*r + 5*l + 52 = -2*r. Calculate the greatest common factor of r and u.
3
Let h be (-34 + 8)/(17/(-1717)). What is the highest common factor of h and 26?
26
Let t = -1058 + 2183. Let f be (-24)/(-10)*t/10. What is the greatest common factor of 150 and f?
30
Suppose 2*u + 1107 = -5*i + 3244, -413 = -i + 2*u. Let z(r) = -3*r + 5. Let q be z(-4). What is the highest common divisor of q and i?
17
Let b be ((-18)/(-7))/((-54)/(-567)). Let p be b - ((-48)/(-112))/((-2)/(-14)). What is the highest common factor of p and 24?
24
Let h = -3615 + 4565. What is the greatest common divisor of 40 and h?
10
Let f(a) = 10 + 2*a - 6*a + a**2 - 12 + 7. Let j be f(0). Calculate the greatest common divisor of 40 and j.
5
Suppose 27 = u + 24. Suppose 0*k = k + f - 382, -386 = -k - u*f. Calculate the greatest common factor of k and 20.
20
Suppose 52666 = 84*v - 184718. What is the greatest common divisor of 54 and v?
18
Suppose 8 = -4*a, 2*n + 1574 - 8278 = -5*a. Calculate the greatest common factor of n and 27.
9
Let l(g) = -3*g**3 + 3*g**2 - 18*g + 6. Let t be l(5). Let v = 448 + t. What is the highest common divisor of v and 160?
32
Suppose -3*n = -3 - 12. Suppose -14 = -n*j + 6. Let q(v) = -v**3 + v**2 + 43*v - 10. Let x be q(6). Calculate the greatest common factor of j and x.
4
Let l(n) = 44*n - 4. Let r be l(3). Let t be (-73800)/(-810) - ((-3)/27)/(-1) - -